4*r = -n*a + 204. What is the units digit of a?
4
Suppose -3*v + 113 = -22. What is the units digit of 178/10 + 9/v?
8
Let f = 431 + -346. What is the tens digit of f?
8
Let x(s) = -s**3 + 11*s**2 - 25*s + 13. Let r be x(8). Suppose -r*c - 3*z + 8*z = -270, -306 = -5*c - 4*z. What is the tens digit of c?
5
Suppose -17 - 33 = -5*j. Suppose j = 51*f - 46*f. Suppose u + f*u - 81 = 0. What is the tens digit of u?
2
Let w(u) = u**3 + 5*u**2 - 9*u - 4. Let z(x) = x**3 - 6*x**2 - x. Let k be z(6). What is the units digit of w(k)?
4
Let w = -6 + 18. Suppose w = 2*b + b. Suppose 0 = 3*r - 5*x - 23, -27 = -b*r + 4*x - x. What is the units digit of r?
6
Let f(t) = 5*t**2 + 9*t - 25. What is the tens digit of f(6)?
0
What is the units digit of 639 - (2 + (-4 - 4))?
5
Let p = -55 - -60. Suppose 0 = -2*o + 4 - 0. Suppose p*y - 168 = o*y. What is the tens digit of y?
5
Suppose -3054 = -458*x + 455*x. What is the units digit of x?
8
Let n = 5086 + -3042. What is the thousands digit of n?
2
Let r be -6*(-2 - (-1623)/6). What is the tens digit of r/(-63) + (-4)/7?
2
What is the units digit of (-6)/4 - 1510/(-4)?
6
What is the units digit of ((-39)/12)/(4 - (-1911)/(-476))?
1
Suppose 4*z = -0*t - 5*t + 17, 0 = -4*z - 2*t + 2. Let p(j) = 26*j**3 - 30*j**3 + 2 + 2*j - j**2 + 0*j**2. What is the units digit of p(z)?
6
Suppose 15 = 3*z, 9*z + 495 = -5*h + 7*z. Let r = h - -353. What is the hundreds digit of r?
2
Suppose -33 = -5*a - 18. Suppose -5*p + a = -4*v, 3*v + 2*v - 18 = -p. Suppose 5*j + 4*w = 101, 2*w = v*j + 2*j - 107. What is the tens digit of j?
2
Let g = -10 + 1. Let o = g - -9. Suppose -3*i - 3*y + 36 = o, -28 = -3*i - y - 4*y. What is the units digit of i?
6
What is the hundreds digit of 4730 - (96/(-8) + 18)?
7
Let t(a) = -5*a - 2 - 9*a + 1. What is the units digit of t(-4)?
5
Let r(u) = 23*u - 23*u**3 - 12*u**2 - 26*u**3 + 50*u**3 + 4. What is the tens digit of r(11)?
3
Let i = 3750 - 2514. What is the tens digit of i?
3
Suppose 5*b + 2*n - 3*n = 15, 2*b - 5*n - 29 = 0. Suppose -t = 2*g + 5, -9 = b*t - t + 3*g. Suppose -t*f + 20 = -f. What is the tens digit of f?
1
Suppose -17*j + 16*j + 3*u = -1436, -2*u - 2880 = -2*j. What is the tens digit of j?
4
Let w(s) = s**2 + 6*s + 11. Let j be (-248)/24 + -2 + (-8)/(-6). What is the units digit of w(j)?
6
Let p(w) = -w**3 - 7*w**2 + 9*w + 10. Let a be p(-8). Let g(h) = 27*h**3 - 6 + a + 3. What is the tens digit of g(1)?
2
Let w be (-8)/14*-1 - (-816)/(-56). Let f(i) = -6*i - 65. What is the tens digit of f(w)?
1
Let w = -3 - -6. Let h be 1*(-5 + w) - -76. Let u = 105 - h. What is the tens digit of u?
3
Suppose -5*x - 3*n = -1968, 8*x - 1588 = 4*x + n. What is the units digit of x?
6
Let k = 55 + 10. Let o = k + -38. What is the units digit of o?
7
Let q(o) = -o - 6. Let p be q(0). Let d(m) = -m**3 - 6*m**2 - m - 8. Let k be d(p). What is the tens digit of (-91)/(-5) + k/10?
1
Let m(j) = j**3 - 10*j**2 + 8*j + 12. Let w be m(9). Suppose 30 = -y - w*y - 3*t, -4 = 2*t. Let l = 10 + y. What is the units digit of l?
4
Suppose -2*x + x + 3*k - 121 = 0, -2*k + 118 = -x. Let f = 8 - x. What is the units digit of f?
0
Let o(m) = -14*m - 7. Let k be o(-7). Let h be ((-12)/9 + 2)/((-4)/(-138)). Suppose -4*q - h = -k. What is the units digit of q?
7
Let p(h) = 4151*h + 65. What is the tens digit of p(1)?
1
Let t = 2125 + -373. What is the tens digit of 2/(t/(-6426) + 2/7)?
5
Suppose w = 8*x - 3*x + 211, 2*w = 3*x + 422. What is the tens digit of w?
1
Let o = 6 - 1. Let w(b) = -2*b - 7. Let f be w(9). Let l = o - f. What is the units digit of l?
0
Let p(q) = 5*q**2 - 37*q - 10. What is the thousands digit of p(-19)?
2
Suppose 0 = -3*v - 0*v + 12. Suppose 2*q - v*q - w = -263, -2*w = 2*q - 268. What is the units digit of q?
9
Suppose -2471 = -2*v + q, -q + 3196 = 4*v - 1743. What is the tens digit of v?
3
Let l(b) = -128*b - 749. What is the units digit of l(-23)?
5
Let g(f) = -106*f**3 + f + 1. Suppose n + 0*p + 2*p + 7 = 0, 2*n - 4*p = 10. What is the units digit of g(n)?
6
Let d be (-1)/2 + (-1692)/(-8). Let c = -101 + d. What is the units digit of -3*(-1)/(15/c)?
2
Let h be 1 + (1 - 0) - (-16)/(-4). Let w = 5 - 2. What is the units digit of 32/(w + 4/h)?
2
Let o = -26 + 38. Let u = 44 + -51. Let f = o - u. What is the tens digit of f?
1
Let v(p) = -p - 3. Let w be v(8). Let a = 13 + w. Suppose -x + 48 = a*x. What is the units digit of x?
6
Suppose 215 = -6*u + u + l, 3*u + 129 = -2*l. Let m = -193 + 127. Let q = u - m. What is the units digit of q?
3
Let p(v) = 28*v**3 + 2*v**2 - v. Let n be p(1). Let t = -14 - -3. Let d = n + t. What is the units digit of d?
8
What is the hundreds digit of (-6 - 1)*(11 + 4208/(-8))?
6
Suppose -2*r - 4940 = -15*r. What is the units digit of r?
0
Let f = -391 - -1771. What is the hundreds digit of f?
3
Let k = 6 - -1. Suppose -d + 59 = k. What is the tens digit of d?
5
Let f be (0 + -2)*10/5. What is the tens digit of ((-14)/(-21))/(f/(-66))?
1
Suppose 0 = -5*h - 2*l + 10, 1 = -h + 3*l + 3. Suppose 208 = h*t + 2*t. What is the tens digit of t?
5
Suppose 5*x + 4*g - 12379 = 0, 5*x = 6*x - g - 2483. What is the hundreds digit of x?
4
Suppose -2*d - 57 = -15. Let l = d + 95. What is the units digit of l?
4
Let u = 8921 - 5407. What is the tens digit of u?
1
Let f = 0 - -2. Suppose f*r - 2*b - 78 = 0, -3*r - 3*b + 46 = -65. What is the tens digit of r?
3
Suppose 3*v - 279 = 2*v. What is the hundreds digit of v?
2
Suppose 4*u = 16, -3*h + 6*u = 9*u - 7137. What is the tens digit of h?
7
Let w(t) be the third derivative of -17*t**7/5040 - t**6/240 + t**5/30 - 4*t**2. Let h(f) be the third derivative of w(f). What is the tens digit of h(-3)?
4
Suppose -15 = 5*s + j + 4*j, 5*s = -2*j. Let g be 4 + s + 2*-1. Suppose 3*p - 2 - g = 0. What is the units digit of p?
2
Let p be 102/68*(-2)/3. Let u(t) = -69*t**3 + 2*t**2 + 8*t - 4. Let m(r) = -r + 1. Let s(f) = 5*m(f) + u(f). What is the tens digit of s(p)?
6
Suppose 3 = -3*b - 18. Let d(i) = i**3 + 9*i**2 + 4*i - 10. What is the units digit of d(b)?
0
Let t be ((-2)/5*-5)/(-2). Let r = -2 - t. Let d(y) = -19*y + 2. What is the tens digit of d(r)?
2
Let q = -199 - -336. What is the tens digit of q?
3
Let o(m) = m**3 + 2*m**2 + 2*m + 1. Let l(y) = -y**3 - 7*y**2 - 6*y - 1. Let r be l(-6). Let s be o(r). Let f = 13 + s. What is the units digit of f?
3
Suppose 3*y + 10 = -17. Let w(k) = k. Let x(t) = 3*t - 2. Let i(h) = -4*w(h) + x(h). What is the units digit of i(y)?
7
Let i = 218 - 314. What is the tens digit of i/(-3) - (-3 + 5)?
3
Suppose -4*x = x, g - 429 = 4*x. What is the tens digit of g?
2
What is the units digit of (-1 - 1754/4)*(6 - 8)?
9
Let u = -7 + 5. What is the tens digit of 60*1/(3 + u)?
6
Let a be 315/54 - 1/(-6). Let h = a - 4. Suppose m - 33 = -h. What is the tens digit of m?
3
Let l(r) be the first derivative of r**3/3 + 5*r**2/2 + r - 3. Let u be l(-6). Suppose 0 = j - u. What is the units digit of j?
7
Suppose 0 = -2*a - 2*k + 46, -4*a - 5*k + 118 - 26 = 0. Let p be a/(((-4)/3)/(-4)). Let j = -41 + p. What is the units digit of j?
8
Let o(n) = 8*n**3 - 2*n**2 + 4*n - 1. Let p be o(4). Let m = p - 216. What is the units digit of m?
9
Suppose 3*z - 17 = -2. Suppose -165 = -z*w - 50. What is the units digit of w?
3
Let o(t) = t**2 + 14*t + 45. Let s be o(-7). What is the tens digit of 12/s*(1 - 94/6)?
4
Suppose -3*k - 14 + 8 = 0, -5*k - 354 = -z. What is the hundreds digit of z?
3
Let j be -2 - (-2 - (-2)/(-2)). Let z(m) = m - 1. Let b(a) = 2*a. Let i(c) = j*z(c) + b(c). What is the tens digit of i(6)?
1
Suppose -263 = -13*h + 10. Suppose -28*c = -h*c - 385. What is the tens digit of c?
5
Let o(q) = 6*q**3 + 2*q**2 - 2. Let c be o(2). Let g(m) = -9*m - 7. Let d be g(-5). Let f = c - d. What is the units digit of f?
6
What is the tens digit of 1/5 - 392/20*-43?
4
Suppose g - 2*a - 3 = 5, 0 = 4*g - 5*a - 23. Suppose 5*y - 5*d + 47 = 382, -142 = -g*y - 2*d. What is the units digit of y?
9
Let t be 3 - (0 + 3 + -1). Let y = t - 10. Let b = y - -14. What is the units digit of b?
5
Let g = 16 + 254. Suppose 4*s + 0*o - 3*o - g = 0, 59 = s - 5*o. What is the units digit of s?
9
Suppose 5*d - 707 = 318. Suppose 0 = 2*o + 10, -2*o = 4*y - 7*o - d. What is the tens digit of y?
4
Let d be 2/(3/3) + -3. Let g be 0/(3 + -2 - d). Suppose 5